alculate the greatest common divisor of f and 13.
13
Let f = -6721 + 6877. What is the greatest common divisor of 2067 and f?
39
Let h = -1 + 14. Suppose -35*a + 96 = -23*a. Let j be a - 4/8*-10. Calculate the greatest common factor of h and j.
13
Let m be (190/20)/(2 + 62/(-32)). Let x = 320 - m. What is the highest common divisor of x and 24?
24
Let d = -47 + 49. Suppose -d = u, 4*g - 4*u - 272 = 1088. Let k be (-1)/(g/(-168) - (-3 + 1)). Calculate the highest common divisor of k and 210.
42
Let p(t) = -t**3 - 11*t**2 - 3*t - 32. Let a be p(-11). Let i(z) = 158*z**2 + 5*z - 7. Let b be i(a). Calculate the greatest common divisor of 39 and b.
39
Suppose -s - 792 = -3*s. Let v(h) = -14*h + 22. Suppose 5*b + 26 = -k, -5*k = -10*k + 5*b + 20. Let r be v(k). What is the greatest common factor of r and s?
36
Let a(d) = -d**3 + 43*d**2 + 252*d - 25. Let j be a(46). What is the highest common factor of 34 and j?
17
Let n = -3838 - -5276. Calculate the highest common divisor of n and 4.
2
Let r(x) = 42*x**3 - 3*x**2 - 19*x - 37. Let v be r(-2). Let d = v + 754. What is the greatest common divisor of 37 and d?
37
Let d = 173 + -375. Let i = d + 216. Calculate the greatest common factor of i and 112.
14
Let b(g) = -40*g + 124. Let k be b(-13). Suppose 7*p - k = -16*p. Calculate the highest common factor of p and 91.
7
Suppose 215*f = 102*f + 25764. Calculate the highest common divisor of 266 and f.
38
Suppose -k - 3*t = 66 - 13, -104 = 2*k + 4*t. Let i = 34 - k. What is the highest common factor of i and 108?
12
Let f(v) = -7*v + 4 - 8*v + 11*v - 5 - 10. Let j be f(-5). Calculate the greatest common factor of j and 207.
9
Let r = 4 + -3. Let n = 5 - r. Suppose 27*t - n = 23*t. Calculate the highest common divisor of t and 7.
1
Let d = -2236 + 3678. Calculate the greatest common divisor of 56 and d.
14
Suppose -28*i = -32*i - 5*k + 375, -3*i - 4*k = -282. Suppose 3*f + 5*d - 434 = -105, 4*f - 3*d = 429. What is the highest common divisor of f and i?
18
Suppose -151*t + 2*f = -146*t - 220, 5*t = -3*f + 220. What is the greatest common divisor of t and 77?
11
Suppose 3*y - 2*y + 10 = 3*d, 0 = -2*y + d + 5. Suppose 2*c - 2*z - 34 = 0, -5*z = 4*c - y*c - 3. Calculate the greatest common factor of c and 704.
22
Suppose -y + 2*y - 384 = 0. Let b be (3/(-4))/(2/(-8)). Suppose 0*o + b*k + 189 = 4*o, -2*k + 194 = 4*o. Calculate the highest common factor of o and y.
48
Let j = -212 + 203. Let d be j/(-18) + 1054/4. Let t = -28 + 52. Calculate the highest common divisor of d and t.
24
Let s = -187 + 181. Let u be (-49)/(-4) - s/(1 + -25). Calculate the highest common divisor of u and 348.
12
Let r be 9/12 + (-2070)/(-24). Let h = r - 127. Let y be (-12)/(-1*1*(-20)/h). Calculate the greatest common divisor of y and 84.
12
Let d be 15 - (3/1 - (13 - 13)). Suppose -15*z + d*z + 54 = 0. Let w(p) = -p**2 - 7*p + 9. Let i be w(-7). What is the greatest common factor of i and z?
9
Let u(f) = 8*f + 1. Let y be u(11). Let s = y - 49. Let v = 115 + -55. Calculate the greatest common factor of s and v.
20
Suppose -39*q - 15*q + 35*q + 646 = 0. Let m be 68*((-10)/(-4) - 2). Calculate the highest common factor of q and m.
34
Suppose -3*m + 8*m - 29 = -h, -17 = -3*h - m. Suppose -4 - 112 = -h*t. Calculate the highest common factor of t and 493.
29
Suppose 0 = -8*c + 24 + 8. Suppose -5*v + 265 = c*j, j - 37 = -3*v + 24. Calculate the highest common factor of 14 and j.
14
Let y be -129*3*161/(-63). Let k = y + -960. Suppose 7*z - 2*z - u = 432, 0 = -3*z - u + 264. What is the greatest common factor of z and k?
29
Let g be (-4)/8*141*(4 - (3 - -11)). What is the greatest common factor of 150 and g?
15
Let y = -57 + 63. Let z be y - (-3 - -3) - 4. Suppose 3 = h + 2*k, -k + z*k = -h + 8. Calculate the greatest common factor of h and 13.
13
Let w = -467 - -1924. Calculate the greatest common divisor of 62 and w.
31
Suppose -6*z = -141 + 57. Let y(d) = 2*d - 13. Let u be y(z). Let v be (-250)/u*6*-1. Calculate the highest common factor of v and 20.
20
Let r be (2 - -262) + 5 + 7. What is the greatest common divisor of r and 108?
12
Let r(t) = t**3 + 40*t**2 + 76*t + 56. Let m(q) = -6*q - 86. Let f be m(-8). Let o be r(f). Calculate the greatest common divisor of 98 and o.
14
Let t(j) = 815*j - 564. Let r be t(6). What is the greatest common divisor of r and 126?
42
Suppose -z - 4*m = -7*m - 37, -5*m - 41 = -z. Let d(n) = 2*n + 209 + 222 - 319. Let p be d(6). What is the greatest common divisor of p and z?
31
Let w be (6 - 57/12)*668. Calculate the greatest common divisor of 5 and w.
5
Suppose -86*i - 84*i + 12267 = -29*i. What is the highest common divisor of 15 and i?
3
Suppose 0 = -3*f + 45. Let u(v) = v**2 - 11*v - 5. Let s be u(13). Suppose -s - 29 = -5*n. Calculate the greatest common factor of n and f.
5
Let x be (4428/(-135))/(-3*(-4)/(-30)). Suppose 4*b - x = -v, 0 = 2*v - 12*b + 17*b - 152. What is the greatest common factor of v and 286?
22
Suppose 2*u + 3 = -0*u - 5*a, 5*u + 5*a + 15 = 0. Let n be (89 + 13)*(u + 2 - -3). What is the greatest common divisor of n and 357?
51
Suppose -18 = -8*w + 24*w - 658. What is the greatest common divisor of 15220 and w?
20
Suppose 337*o - n = 335*o + 654, 0 = -4*n + 16. Calculate the greatest common divisor of 45073 and o.
329
Suppose 27 = 3201*f - 3192*f. Let u(p) = 11*p - 19. Let x be u(2). What is the greatest common factor of f and x?
3
Let i(m) = -4*m + 7 - 21*m**3 + 12*m**3 + 8*m**3. Let v be i(-4). What is the greatest common factor of v and 58?
29
Let i = 6568 - 6096. Calculate the highest common divisor of i and 59.
59
Let f be 88 - -4*15/12. Let t be 31/f - (-8)/3. What is the greatest common divisor of t and 57?
3
Suppose m - 1742 = -16*m + 1828. Calculate the highest common factor of 660 and m.
30
Suppose 2*c = -c + 57. Let q = 29 - c. Let x(u) = -u + 36. Let d be x(q). What is the greatest common divisor of d and 78?
26
Let o be 2550/(-225)*69/(-2). Calculate the highest common divisor of 230 and o.
23
Let u(l) = -2*l - 47. Suppose -k = -2*t - 48, 9*t + 3*k = 5*t - 76. Let d be u(t). Let x be 22*3/(-18)*d. Calculate the greatest common factor of x and 11.
11
Let j be (-176 + 3 + -4)/(1/(-8)). Let q be (-2)/(-13) + -3 + j/(-78). Let h = 35 + q. What is the highest common factor of h and 14?
14
Suppose -35*w + 33*w = s - 11, 5*w = 3*s. Suppose -5 = -v, p + v - w = 37. Calculate the greatest common divisor of p and 315.
35
Let u(d) = -84*d - 3. Let x be u(-2). Let f(y) = -1013*y + 1145. Let w be f(1). Calculate the highest common divisor of w and x.
33
Suppose -2*d + 3*a = -135 - 99, 2*d - 234 = a. Let m be 20/(-45) - ((-170)/18 - 1). Let l be 16 + m - 0/(-1). What is the greatest common factor of d and l?
13
Let v be ((-12)/(-15))/((-4)/(-30)). Suppose 2*c = -2065*u + 2067*u + 78, 75 = c + 3*u. What is the greatest common factor of c and v?
6
Suppose 47 = 4*n - r - 176, 161 = 3*n - 2*r. Let p(t) = 2*t**2 + 10*t - 53. Let d be p(4). Calculate the highest common divisor of d and n.
19
Let y be 3/(-12) - ((-35)/(-20) + -1). Let i be 202 + 5 + (y - 0)*3. What is the greatest common factor of i and 12?
12
Suppose 0 = 6*y - 1 - 23. Suppose y*v = 75 + 357. What is the highest common divisor of v and 54?
54
Let b = 9643 - 9621. What is the highest common factor of 30932 and b?
22
Suppose -664*u + 663*u + 106 = 0. What is the greatest common divisor of u and 4770?
106
Let m be 14/(1*((-6)/(-27))/(2/9)). Let f = 293 + -188. Calculate the greatest common divisor of f and m.
7
Let s(y) = 19*y**2 + 3*y - 5. Let r be s(7). Let q = r - 537. Calculate the highest common divisor of q and 10.
10
Suppose 0 = 110*c - 109*c + 4*j - 11983, -c - 2*j = -11983. Calculate the highest common divisor of 46 and c.
23
Suppose -20*w + 142 = -138. Let a be w/49 - (-234)/14. What is the highest common divisor of a and 493?
17
Let f be (-10)/(-6) + (1/3 - 0). Suppose 1 = -5*n - 59. Let b(o) = o**3 + 13*o**2 + 11*o - 6. Let a be b(n). What is the highest common divisor of f and a?
2
Suppose 39*f + 19*f - 92*f = -9520. Calculate the greatest common factor of 7420 and f.
140
Let p(i) = -183*i + 9746. Let m be p(22). Calculate the highest common factor of 396 and m.
44
Let v(z) = 34*z**2 - 17*z - 129. Let f be v(-7). What is the greatest common factor of f a